{"id":13,"date":"2019-10-19T22:32:46","date_gmt":"2019-10-19T20:32:46","guid":{"rendered":"https:\/\/www.litigationmanagement.it\/?page_id=13"},"modified":"2023-08-04T15:59:25","modified_gmt":"2023-08-04T13:59:25","slug":"cookie-policy","status":"publish","type":"page","link":"https:\/\/www.litigationmanagement.it\/?page_id=13","title":{"rendered":"Privacy &#038; Cookie Policy"},"content":{"rendered":"<div class=\"wpb-content-wrapper\"><p>[vc_row][vc_column width=&#8221;5\/6&#8243;][vc_column_text]<\/p>\n<div class=\"wpb_text_column wpb_content_element vc_custom_1662639788127\">\n<div class=\"wpb_wrapper\">\n<ol>\n<li><strong>Riferimenti normativi<\/strong><\/li>\n<\/ol>\n<ul>\n<li>Direttiva 2002\/58\/CE \u2013 relativa al \u201ctrattamento dei dati personali e alla tutela della vita privata nel settore delle comunicazioni elettroniche\u201d<\/li>\n<li>Regolamento UE 2016\/679 del Parlamento europeo e del Consiglio del 27 aprile 2016 relativo alla protezione delle persone fisiche con riguardo al trattamento dei dati personali, nonch\u00e9 alla libera circolazione di tali dati (di seguito anche \u201c<strong>Regolamento<\/strong>\u201d o \u201c<strong>GDPR<\/strong>\u201d)<\/li>\n<\/ul>\n<ol start=\"2\">\n<li><strong>Titolare del trattamento<\/strong><\/li>\n<\/ol>\n<p>Il Titolare del trattamento \u00e8\u00a0<strong>Plug-In S.r.l<\/strong>. (di seguito anche solo \u201c<strong>Titolare<\/strong>\u201d o \u201c<strong>Societ\u00e0<\/strong>\u201d), con sede in Largo Umberto Boccioni, 1 \u2013 21040 Origgio (VA).<br \/>\nPer ulteriori dettagli in merito alle finalit\u00e0 di trattamento dei tuoi dati personali consulta la sezione\u00a0<strong><em>\u201cFinalit\u00e0 del trattamento e basi giuridiche\u201d<\/em><\/strong>\u00a0della presente Privacy Policy.<\/p>\n<ol start=\"3\">\n<li><strong>Responsabile della Protezione dei Dati<\/strong><\/li>\n<\/ol>\n<p>Il Titolare, conformemente a quanto disposto dall\u2019articolo 37 del Regolamento, ha nominato un Responsabile della Protezione dei Dati Personali (DPO) contattabile all\u2019indirizzo e-mail\u00a0<a href=\"mailto:dpo@plug-in.it\">dpo@plug-in.it<\/a><\/p>\n<ol start=\"4\">\n<li><strong>Tipologie di dati trattati<\/strong><\/li>\n<\/ol>\n<p><u>Dati di navigazione<\/u><br \/>\nI sistemi informatici e le procedure software preposte al funzionamento di questo sito web acquisiscono, nel corso del loro normale esercizio, alcuni dati personali la cui trasmissione \u00e8 implicita nell\u2019uso dei protocolli di comunicazione di Internet. Si tratta di informazioni che non sono raccolte per essere associate a interessati identificati, ma che per loro stessa natura potrebbero, attraverso elaborazioni ed associazioni con dati detenuti da terzi, permettere di identificare gli utenti.<br \/>\nIn questa categoria di dati rientrano gli indirizzi IP o i nomi a dominio dei computer e dei terminali utilizzati dagli utenti, gli indirizzi in notazione URI\/URL (Uniform Resource Identifier\/Locator) delle risorse richieste, l\u2019orario della richiesta, il metodo utilizzato nel sottoporre la richiesta al server, la dimensione del file ottenuto in risposta, il codice numerico indicante lo stato della risposta data dal server (buon fine, errore, ecc.) ed altri parametri relativi al sistema operativo e all\u2019ambiente informatico dell\u2019utente.<br \/>\nQuesti dati, necessari per la fruizione dei servizi web, vengono anche trattati allo scopo di ottenere informazioni statistiche sull\u2019uso dei sevizi (a titolo meramente esemplificativo: pagine pi\u00f9 visitate, numero di visitatori per fascia oraria o giornaliera, aree geografiche di provenienza, ecc.) e controllare il corretto funzionamento dei servizi<\/p>\n<p><u>Dati forniti volontariamente dall\u2019utente<\/u><br \/>\nL\u2019invio facoltativo, esplicito e volontario di messaggi agli indirizzi del Titolare, i messaggi privati inviati dagli utenti ai profili\/pagine istituzionali sui social media (laddove questa possibilit\u00e0 sia prevista), nonch\u00e9 la compilazione dei\u00a0<em>form\u00a0<\/em>di registrazione presenti sul sito, comportano l\u2019acquisizione dei dati di contatto del mittente, necessari a fornire riscontri e ad erogare il servizio eventualmente richiesto, nonch\u00e9 di tutti i dati personali inclusi nelle comunicazioni.<\/p>\n<ol start=\"5\">\n<li><strong>Cookie<\/strong><\/li>\n<\/ol>\n<p>I cookies sono piccoli file di testo contenenti una certa quantit\u00e0 di informazioni scambiate tra un sito internet ed il terminale dell\u2019utente (solitamente il browser). Essi sono principalmente utilizzati con lo scopo di far funzionare i siti web e farli operare in modo pi\u00f9 efficiente, nonch\u00e9 al fine di fornire informazioni ai proprietari del sito stesso. I cookies possono essere sia di sessione che persistenti. I cookies di sessione rimangono memorizzati nel terminale per un breve periodo di tempo e sono eliminati non appena l\u2019utente chiude il browser. Il loro utilizzo \u00e8 strettamente limitato alla trasmissione di identificativi di sessione (costituiti da numeri casuali generati dal server) necessari per consentire l\u2019esplorazione sicura ed efficiente del sito. I cookies persistenti invece rimangono archiviati nel terminale dell\u2019utente fino ad una scadenza prestabilita. Questi, non essendo cancellati direttamente alla chiusura del browser, consentono di ricordare le scelte operate dall\u2019utente sul proprio sito nonch\u00e9 di raccogliere informazioni circa le pagine del sito visitate dall\u2019utente, la frequenza con la quale il sito viene visitato e per identificare il tracciato di navigazione degli utenti, al fine di migliorare l\u2019esperienza sul presente sito. I cookies, di sessione o persistenti, possono essere infine di Prima parte o di Terza parte a seconda che il soggetto che installa i cookies sul terminale dell\u2019utente sia lo stesso gestore del sito che l\u2019utente sta visitando (si parler\u00e0 allora di cookies di Prima parte) oppure un soggetto diverso (si parler\u00e0 allora di cookies di Terza parte).<\/p>\n<\/div>\n<\/div>\n<div class=\"wpb_text_column wpb_content_element vc_custom_1662640272705\">\n<div class=\"wpb_wrapper\">\n<p><u>Cookie utilizzati dal presente sito<\/u><\/p>\n<table width=\"100%\">\n<tbody>\n<tr>\n<td width=\"25%\"><strong>NOME COOKIE<\/strong><\/td>\n<td width=\"20%\"><strong>SCADENZA\u00a0PREDEFINITA<\/strong><\/td>\n<td width=\"20%\"><strong>TIPO<\/strong><\/td>\n<td width=\"40%\"><strong>DESCRIZIONE COOKIE<\/strong><\/td>\n<\/tr>\n<tr>\n<td width=\"25%\">quform_session_*<\/td>\n<td width=\"20%\">Sessione<\/td>\n<td width=\"20%\">Tecnico Essenziale<\/td>\n<td width=\"40%\">Cookie necessario al corretto funzionamento del form di contatto\/richiesta whitepaper.<\/td>\n<\/tr>\n<\/tbody>\n<\/table>\n<\/div>\n<\/div>\n<div class=\"wpb_text_column wpb_content_element \">\n<div class=\"wpb_wrapper\">\n<p><u>Gestione dei Cookie<\/u><br \/>\nNormalmente i browser permettono il controllo della maggior parte dei cookie tramite le impostazioni del browser stesso. Si ricorda tuttavia che la disabilitazione totale o parziale dei cookies c.d. tecnici pu\u00f2 compromettere l\u2019utilizzo delle funzionalit\u00e0 del sito. Ad ogni modo qualora l\u2019utente non desideri ricevere alcun tipo di cookies sul proprio elaboratore, n\u00e9 da questo sito, n\u00e9 da altri, pu\u00f2 elevare il livello di protezione privacy modificando le impostazioni di sicurezza del proprio browser:<\/p>\n<p>Mozilla Firefox:\u00a0<a href=\"https:\/\/support.mozilla.org\/it\/kb\/Gestione%20dei%20cookie\">Gestione dei cookie | Supporto a Firefox (mozilla.org)<\/a><br \/>\nGoogle Chrome:\u00a0<a href=\"https:\/\/support.google.com\/chrome\/answer\/95647?hl=it\">Cancellare, attivare e gestire i cookie in Chrome \u2013 Computer \u2013 Guida di Google Chrome<\/a><br \/>\nMicrosoft Edge:\u00a0<a href=\"https:\/\/support.microsoft.com\/en-us\/windows\/delete-and-manage-cookies-168dab11-0753-043d-7c16-ede5947fc64d\">Delete and manage cookies (microsoft.com)<\/a><br \/>\nSafari 6\/7 Mavericks:\u00a0<a href=\"https:\/\/support.apple.com\/it-it\/guide\/safari\/sfri11471\/mac\">Gestire i cookie e i dati dei siti web in Safari sul Mac \u2013 Supporto Apple (IT)<\/a><br \/>\nSafari 8 Yosemite:\u00a0<a href=\"https:\/\/support.apple.com\/it-it\/guide\/safari\/sfri11471\/mac\">Gestire i cookie e i dati dei siti web in Safari sul Mac \u2013 Supporto Apple (IT)<\/a><br \/>\nSafari su iPhone, iPad, o iPod touch:\u00a0<a href=\"https:\/\/support.apple.com\/it-it\/HT201265\">Come cancellare la cronologia e i cookie da Safari su iPhone, iPad o iPod\u00a0touch \u2013 Supporto Apple (IT)<\/a><\/p>\n<\/div>\n<\/div>\n<div class=\"wpb_text_column wpb_content_element vc_custom_1662640541141\">\n<div class=\"wpb_wrapper\">\n<ol start=\"6\">\n<li><strong>Finalit\u00e0 del trattamento e basi giuridiche<\/strong><\/li>\n<\/ol>\n<table width=\"100%\">\n<tbody>\n<tr>\n<td width=\"30%\"><strong>Per quali finalit\u00e0 sono trattati i tuoi Dati<\/strong><\/td>\n<td width=\"40%\"><strong>Cosa ci legittima a trattare i tuoi dati<\/strong><\/td>\n<td width=\"30%\"><strong>Per quanto tempo sono conservati i tuoi dati<\/strong><\/td>\n<\/tr>\n<tr>\n<td width=\"30%\">Consentire la\u00a0<strong>navigazione<\/strong>\u00a0e la consultazione all\u2019interno del sito.<\/td>\n<td width=\"40%\">L\u2019eventuale e limitato trattamento di dati personali raccolti per tali finalit\u00e0 \u00e8 necessario per il perseguimento del legittimo interesse del Titolare del trattamento (Art. 6 par.1 lett. f) del GDPR).<\/td>\n<td width=\"30%\">I dati saranno trattati solo ed esclusivamente durante la navigazione sul sito.<\/td>\n<\/tr>\n<tr>\n<td width=\"30%\"><strong>Gestire le richieste di informazione<\/strong>\u00a0anche mediante compilazione di appositi form<\/td>\n<td width=\"40%\">Rispondere ad una richiesta di informazioni da parte dell\u2019interessato (Art. 6 par.1 lett. b) del GDPR).<\/td>\n<td width=\"30%\">Per tutto il periodo necessario per dare riscontro all\u2019interessato.<\/td>\n<\/tr>\n<\/tbody>\n<\/table>\n<\/div>\n<\/div>\n<div class=\"wpb_text_column wpb_content_element \">\n<div class=\"wpb_wrapper\">\n<ol start=\"7\">\n<li><strong>Link ad altri siti web<\/strong><\/li>\n<\/ol>\n<p>Questo contiene link o riferimenti per l\u2019accesso ad altri siti o social network come YouTube o Facebook. Cliccando sugli appositi link \u00e8 possibile condividere i contenuti del presente sito web, o visitare le pagine social del Titolare. Il Titolare del trattamento non controlla i cookie o le altre tecnologie di monitoraggio di tali siti web ai quali la presente Privacy Policy non si applica. Per avere dettagli in merito ai cookie ed alle attivit\u00e0 condotte dalle terze parti sar\u00e0 necessario consultare le singole privacy policy di tali siti internet.<\/p>\n<ol start=\"8\">\n<li><strong>Modalit\u00e0 di trattamento dei dati<\/strong><\/li>\n<\/ol>\n<p>I trattamenti connessi ai servizi web sono realizzati mediante l\u2019ausilio di strumenti automatizzati e curati solo da personale espressamente autorizzato dal Titolare oppure da eventuali fornitori terzi che svolgono attivit\u00e0 di supporto per l\u2019erogazione di tali servizi, che sono stati designati Responsabili del trattamento ai sensi dell\u2019articolo 28 del GDPR. I tuoi dati personali raccolti saranno conservati esclusivamente per il tempo necessario ad adempiere alle singole finalit\u00e0 indicate nella presente Privacy Policy. Il Titolare ha adottato tutte le misure di sicurezza adeguate ed ispirandosi ai principali standard internazionali per ridurre al minimo i rischi afferenti alla riservatezza, alla disponibilit\u00e0 e all\u2019integrit\u00e0 dei dati personali raccolti e trattati.<\/p>\n<ol start=\"9\">\n<li><strong>Trasferimento dei dati personali verso Paesi Terzi<\/strong><\/li>\n<\/ol>\n<p>I tuoi dati personali raccolti attraverso il sito web non saranno oggetto di trasferimento in Paesi Terzi, con ci\u00f2 intendendo paesi non appartenenti all\u2019Unione Europea o allo Spazio Economico Europeo. Qualora ci\u00f2 avvenga (ad esempio qualora vi sia la necessit\u00e0 di avvalersi di fornitori di servizi aventi sede in Paesi Terzi) il Titolare del trattamento dichiara e garantisce di conformarsi a quanto disposto dagli artt. 44 e ss. del GDPR.<\/p>\n<ol start=\"10\">\n<li><strong>Condivisione, comunicazione e diffusione dei dati<\/strong><\/li>\n<\/ol>\n<p>I tuoi dati personali raccolti potranno essere trasferiti o comunicati ad altre societ\u00e0 per attivit\u00e0 strettamente connesse e strumentali all\u2019operativit\u00e0 del servizio come, ad esempio, la gestione del sistema informatico e la manutenzione del presente sito web, tali societ\u00e0 sono state designate Responsabili del trattamento ai sensi dell\u2019articolo 28 del GDPR. Al di fuori di questi casi, i dati personali non saranno comunicati a terzi salvo previsione contrattuale o di legge, ovvero richieste dell\u2019Autorit\u00e0 Giudiziaria o di Pubblica sicurezza o salvo specifico consenso richiesto all\u2019interessato. Nessun dato derivante dal servizio web verr\u00e0 diffuso.<\/p>\n<ol start=\"11\">\n<li><strong>Facoltativit\u00e0 del conferimento dei dati e revoca del consenso<\/strong><\/li>\n<\/ol>\n<p>A parte quanto specificato per i dati di navigazione, sei libero di fornire i tuoi dati personali. Tuttavia il loro mancato conferimento pu\u00f2 comportare l\u2019impossibilit\u00e0 di ottenere quanto richiesto. Ti ricordiamo, inoltre, che hai il diritto, in qualsiasi momento, di revocare il consenso rilasciato per il trattamento dei tuoi dati personali senza pregiudicare la liceit\u00e0 del trattamento basato sul consenso prima della revoca.<\/p>\n<ol start=\"12\">\n<li><strong>Ulteriori informazioni sul trattamento dei dati e esercizio dei diritti<\/strong><\/li>\n<\/ol>\n<p>Per maggiori indicazioni sul trattamento dei tuoi dati personali possono essere fornite tramite informative ad hoc visualizzabili sul sito del Titolare. Inoltre, per esercitare i diritti di cui agli artt. 15 e ss. del GDPR (accesso, cancellazione, blocco, aggiornamento, rettifica, integrazione dei dati od opposizione al trattamento) potrai contattare il Titolare del trattamento scrivendo all\u2019indirizzo Largo Umberto Boccioni, 1 \u2013 21040, Origgio (VA). In alternativa pu\u00f2 utilizzare anche il seguente indirizzo e-mail:\u00a0<a href=\"mailto:dpo@plug-in.it\">dpo@plug-in.it<\/a>.<\/p>\n<ol start=\"13\">\n<li><strong>Diritto di reclamo<\/strong><\/li>\n<\/ol>\n<p>Qualora ritenga che il trattamento dei tuoi dati personali effettuato attraverso questo sito avvenga in violazione di quanto previsto dal GDPR hai il diritto di proporre reclamo all\u2019Autorit\u00e0 Garante per la protezione dei dati personali o di adire le opportune sedi giudiziarie (artt. 77 e 79 del GDPR).<\/p>\n<ol start=\"14\">\n<li><strong>Domande, reclami e suggerimenti<\/strong><\/li>\n<\/ol>\n<p>Chiunque fosse interessato a maggiori informazioni, a contribuire con propri suggerimenti o avanzare reclami o contestazioni in merito alle politiche privacy o sul modo in cui la nostra Societ\u00e0 tratta i dati personali, pu\u00f2 effettuarlo scrivendo all\u2019attenzione del Titolare Plug-In S.r.l., con sede in Largo Umberto Boccioni 1 \u2013 21040 Origgio (VA) ovvero inviare una mail all\u2019indirizzo:\u00a0<a href=\"mailto:info@plug-in.it\">info@plug-in.it<\/a>.<\/p>\n<ol start=\"15\">\n<li><strong>Modifiche alle presenti politiche sulla privacy<\/strong><\/li>\n<\/ol>\n<p>Plug-In S.r.l. verifica periodicamente la propria politica relativa alla privacy e alla sicurezza e, se del caso, la rivede in relazione alle modifiche normative, organizzative o dettate dall\u2019evoluzione tecnologica. In caso di modifica delle politiche, la nuova versione sar\u00e0 pubblicata in questa pagina del sito.<\/p>\n<p>&nbsp;<\/p>\n<p>&nbsp;<\/p>\n<p><em>Aggiornamento agosto 2022<\/em><\/p>\n<\/div>\n<\/div>\n<p>[\/vc_column_text][\/vc_column][vc_column width=&#8221;1\/6&#8243;][\/vc_column][\/vc_row]<\/p>\n<\/div>","protected":false},"excerpt":{"rendered":"<p>[vc_row][vc_column width=&#8221;5\/6&#8243;][vc_column_text] Riferimenti normativi Direttiva 2002\/58\/CE \u2013 relativa al \u201ctrattamento dei dati personali e alla tutela della vita privata nel settore delle comunicazioni elettroniche\u201d Regolamento UE 2016\/679 del Parlamento europeo e del Consiglio del 27 aprile 2016 relativo alla protezione delle persone fisiche con riguardo al trattamento dei dati personali, nonch\u00e9 alla libera circolazione di&hellip;<\/p>\n","protected":false},"author":4,"featured_media":0,"parent":0,"menu_order":101,"comment_status":"closed","ping_status":"closed","template":"","meta":{"footnotes":""},"yoast_head":"<!-- This site is optimized with the Yoast SEO plugin v22.5 - https:\/\/yoast.com\/wordpress\/plugins\/seo\/ -->\n<title>Privacy &amp; Cookie Policy | Litigation Management<\/title>\n<meta name=\"robots\" content=\"noindex, nofollow\" \/>\n<meta property=\"og:locale\" content=\"it_IT\" \/>\n<meta property=\"og:type\" content=\"article\" \/>\n<meta property=\"og:title\" content=\"Privacy &amp; Cookie Policy | Litigation Management\" \/>\n<meta property=\"og:description\" content=\"[vc_row][vc_column width=&#8221;5\/6&#8243;][vc_column_text] Riferimenti normativi Direttiva 2002\/58\/CE \u2013 relativa al \u201ctrattamento dei dati personali e alla tutela della vita privata nel settore delle comunicazioni elettroniche\u201d Regolamento UE 2016\/679 del Parlamento europeo e del Consiglio del 27 aprile 2016 relativo alla protezione delle persone fisiche con riguardo al trattamento dei dati personali, nonch\u00e9 alla libera circolazione di&hellip;\" \/>\n<meta property=\"og:url\" content=\"https:\/\/www.litigationmanagement.it\/?page_id=13\" \/>\n<meta property=\"og:site_name\" content=\"Rapido Litigation\" \/>\n<meta property=\"article:modified_time\" content=\"2023-08-04T13:59:25+00:00\" \/>\n<meta name=\"twitter:card\" content=\"summary_large_image\" \/>\n<meta name=\"twitter:label1\" content=\"Tempo di lettura stimato\" \/>\n\t<meta name=\"twitter:data1\" content=\"9 minuti\" \/>\n<script type=\"application\/ld+json\" class=\"yoast-schema-graph\">{\"@context\":\"https:\/\/schema.org\",\"@graph\":[{\"@type\":\"WebPage\",\"@id\":\"https:\/\/www.litigationmanagement.it\/?page_id=13\",\"url\":\"https:\/\/www.litigationmanagement.it\/?page_id=13\",\"name\":\"Privacy & Cookie Policy | Litigation Management\",\"isPartOf\":{\"@id\":\"https:\/\/www.litigationmanagement.it\/#website\"},\"datePublished\":\"2019-10-19T20:32:46+00:00\",\"dateModified\":\"2023-08-04T13:59:25+00:00\",\"breadcrumb\":{\"@id\":\"https:\/\/www.litigationmanagement.it\/?page_id=13#breadcrumb\"},\"inLanguage\":\"it-IT\",\"potentialAction\":[{\"@type\":\"ReadAction\",\"target\":[\"https:\/\/www.litigationmanagement.it\/?page_id=13\"]}]},{\"@type\":\"BreadcrumbList\",\"@id\":\"https:\/\/www.litigationmanagement.it\/?page_id=13#breadcrumb\",\"itemListElement\":[{\"@type\":\"ListItem\",\"position\":1,\"name\":\"Home\",\"item\":\"https:\/\/www.litigationmanagement.it\/\"},{\"@type\":\"ListItem\",\"position\":2,\"name\":\"Privacy &#038; Cookie Policy\"}]},{\"@type\":\"WebSite\",\"@id\":\"https:\/\/www.litigationmanagement.it\/#website\",\"url\":\"https:\/\/www.litigationmanagement.it\/\",\"name\":\"Rapido Litigation\",\"description\":\"\",\"potentialAction\":[{\"@type\":\"SearchAction\",\"target\":{\"@type\":\"EntryPoint\",\"urlTemplate\":\"https:\/\/www.litigationmanagement.it\/?s={search_term_string}\"},\"query-input\":\"required name=search_term_string\"}],\"inLanguage\":\"it-IT\"}]}<\/script>\n<!-- \/ Yoast SEO plugin. -->","yoast_head_json":{"title":"Privacy & Cookie Policy | Litigation Management","robots":{"index":"noindex","follow":"nofollow"},"og_locale":"it_IT","og_type":"article","og_title":"Privacy & Cookie Policy | Litigation Management","og_description":"[vc_row][vc_column width=&#8221;5\/6&#8243;][vc_column_text] Riferimenti normativi Direttiva 2002\/58\/CE \u2013 relativa al \u201ctrattamento dei dati personali e alla tutela della vita privata nel settore delle comunicazioni elettroniche\u201d Regolamento UE 2016\/679 del Parlamento europeo e del Consiglio del 27 aprile 2016 relativo alla protezione delle persone fisiche con riguardo al trattamento dei dati personali, nonch\u00e9 alla libera circolazione di&hellip;","og_url":"https:\/\/www.litigationmanagement.it\/?page_id=13","og_site_name":"Rapido Litigation","article_modified_time":"2023-08-04T13:59:25+00:00","twitter_card":"summary_large_image","twitter_misc":{"Tempo di lettura stimato":"9 minuti"},"schema":{"@context":"https:\/\/schema.org","@graph":[{"@type":"WebPage","@id":"https:\/\/www.litigationmanagement.it\/?page_id=13","url":"https:\/\/www.litigationmanagement.it\/?page_id=13","name":"Privacy & Cookie Policy | Litigation Management","isPartOf":{"@id":"https:\/\/www.litigationmanagement.it\/#website"},"datePublished":"2019-10-19T20:32:46+00:00","dateModified":"2023-08-04T13:59:25+00:00","breadcrumb":{"@id":"https:\/\/www.litigationmanagement.it\/?page_id=13#breadcrumb"},"inLanguage":"it-IT","potentialAction":[{"@type":"ReadAction","target":["https:\/\/www.litigationmanagement.it\/?page_id=13"]}]},{"@type":"BreadcrumbList","@id":"https:\/\/www.litigationmanagement.it\/?page_id=13#breadcrumb","itemListElement":[{"@type":"ListItem","position":1,"name":"Home","item":"https:\/\/www.litigationmanagement.it\/"},{"@type":"ListItem","position":2,"name":"Privacy &#038; Cookie Policy"}]},{"@type":"WebSite","@id":"https:\/\/www.litigationmanagement.it\/#website","url":"https:\/\/www.litigationmanagement.it\/","name":"Rapido Litigation","description":"","potentialAction":[{"@type":"SearchAction","target":{"@type":"EntryPoint","urlTemplate":"https:\/\/www.litigationmanagement.it\/?s={search_term_string}"},"query-input":"required name=search_term_string"}],"inLanguage":"it-IT"}]}},"_links":{"self":[{"href":"https:\/\/www.litigationmanagement.it\/index.php?rest_route=\/wp\/v2\/pages\/13"}],"collection":[{"href":"https:\/\/www.litigationmanagement.it\/index.php?rest_route=\/wp\/v2\/pages"}],"about":[{"href":"https:\/\/www.litigationmanagement.it\/index.php?rest_route=\/wp\/v2\/types\/page"}],"author":[{"embeddable":true,"href":"https:\/\/www.litigationmanagement.it\/index.php?rest_route=\/wp\/v2\/users\/4"}],"replies":[{"embeddable":true,"href":"https:\/\/www.litigationmanagement.it\/index.php?rest_route=%2Fwp%2Fv2%2Fcomments&post=13"}],"version-history":[{"count":5,"href":"https:\/\/www.litigationmanagement.it\/index.php?rest_route=\/wp\/v2\/pages\/13\/revisions"}],"predecessor-version":[{"id":189,"href":"https:\/\/www.litigationmanagement.it\/index.php?rest_route=\/wp\/v2\/pages\/13\/revisions\/189"}],"wp:attachment":[{"href":"https:\/\/www.litigationmanagement.it\/index.php?rest_route=%2Fwp%2Fv2%2Fmedia&parent=13"}],"curies":[{"name":"wp","href":"https:\/\/api.w.org\/{rel}","templated":true}]}}